ate the highest common factor of 217 and 324002.
7
What is the greatest common divisor of 816 and 730524?
204
What is the greatest common divisor of 81954 and 9048?
174
What is the highest common divisor of 292672 and 17?
17
What is the highest common factor of 570 and 54910?
190
Calculate the greatest common divisor of 904 and 40793.
113
What is the greatest common divisor of 75 and 1525?
25
Calculate the greatest common divisor of 30891 and 105.
21
Calculate the greatest common divisor of 127652 and 33558.
658
What is the highest common divisor of 19933 and 14789?
643
What is the greatest common factor of 489511 and 33?
11
Calculate the highest common factor of 4826 and 4318.
254
What is the greatest common divisor of 929223 and 1035?
207
Calculate the highest common factor of 10075 and 11375.
325
What is the highest common factor of 136 and 51544?
136
Calculate the greatest common divisor of 72 and 416952.
72
Calculate the highest common divisor of 5194 and 8798.
106
Calculate the greatest common divisor of 55857 and 26413.
433
Calculate the highest common divisor of 145 and 629155.
145
Calculate the highest common factor of 378 and 63882.
378
What is the greatest common divisor of 1687 and 945?
7
What is the highest common factor of 487114 and 158?
158
What is the highest common factor of 1714014 and 27?
27
What is the greatest common factor of 4992 and 30848?
128
What is the highest common factor of 3861 and 231?
33
What is the highest common divisor of 3659764 and 4?
4
What is the highest common divisor of 20805 and 75?
15
What is the highest common factor of 63648 and 18?
18
Calculate the greatest common factor of 192148 and 88.
44
Calculate the greatest common divisor of 4 and 773972.
4
Calculate the highest common factor of 42 and 891681.
21
What is the highest common divisor of 55905 and 15?
15
Calculate the greatest common divisor of 38 and 20976.
38
Calculate the greatest common factor of 69 and 123.
3
Calculate the greatest common factor of 6652 and 4199075.
1663
What is the highest common factor of 13659 and 58?
29
What is the greatest common factor of 333 and 2479?
37
Calculate the highest common divisor of 393596 and 84.
28
What is the highest common factor of 5000 and 1600?
200
Calculate the highest common factor of 22 and 19448.
22
Calculate the greatest common factor of 239057 and 4473.
497
Calculate the highest common factor of 81 and 2201022.
9
What is the greatest common factor of 13827 and 33?
33
What is the highest common factor of 404576 and 94?
94
What is the greatest common divisor of 428571 and 9?
9
Calculate the highest common factor of 9758 and 11305.
119
What is the highest common divisor of 13 and 9763?
13
What is the highest common divisor of 860587 and 1911?
637
What is the highest common factor of 67000 and 30?
10
What is the highest common factor of 264 and 379608?
24
Calculate the greatest common factor of 7396 and 18748.
172
What is the greatest common factor of 4455 and 73305?
405
What is the highest common factor of 16728 and 1428?
204
Calculate the highest common divisor of 97 and 501587.
97
Calculate the highest common divisor of 7345 and 904.
113
Calculate the highest common divisor of 68 and 6258533.
17
What is the highest common divisor of 499396 and 76?
76
Calculate the highest common factor of 60 and 236832.
12
Calculate the highest common divisor of 278856 and 81.
27
What is the greatest common factor of 9177 and 1995?
399
Calculate the greatest common divisor of 10192 and 28.
28
Calculate the highest common factor of 1976 and 2028.
52
Calculate the highest common factor of 807543 and 297.
297
What is the highest common divisor of 3038 and 16366?
98
Calculate the highest common factor of 5239 and 124.
31
Calculate the highest common divisor of 367 and 2625885.
367
What is the greatest common divisor of 5405 and 230?
115
Calculate the greatest common factor of 27537 and 5427.
201
Calculate the highest common divisor of 33636 and 36.
12
Calculate the greatest common divisor of 11 and 146641.
11
Calculate the highest common factor of 6150 and 2940.
30
What is the highest common factor of 2182 and 1082?
2
What is the highest common divisor of 79692 and 2668?
116
Calculate the greatest common divisor of 1958042 and 194.
194
What is the greatest common divisor of 2 and 75?
1
What is the greatest common factor of 9233455 and 827?
827
Calculate the greatest common divisor of 39907 and 511.
7
Calculate the greatest common factor of 5112 and 104.
8
Calculate the greatest common factor of 31104 and 90.
18
What is the greatest common factor of 66570 and 77?
7
What is the greatest common divisor of 3738 and 76706?
14
Calculate the highest common factor of 17 and 305082.
17
Calculate the greatest common factor of 26797 and 2743.
211
Calculate the greatest common factor of 472 and 16502536.
472
What is the highest common factor of 209636 and 756?
28
Calculate the highest common divisor of 15827 and 1519.
49
Calculate the highest common factor of 475 and 24275.
25
What is the highest common factor of 3048100 and 25?
25
Calculate the greatest common factor of 9520 and 7112.
56
What is the highest common factor of 7424 and 812?
116
What is the highest common factor of 87749 and 3149?
47
What is the highest common divisor of 520170 and 15?
15
Calculate the greatest common factor of 427086 and 44.
22
What is the greatest common factor of 2262 and 2205827?
377
What is the highest common divisor of 2024 and 206701?
253
What is the greatest common divisor of 8760 and 2220?
60
What is the highest common factor of 220 and 131582?
22
Calculate the greatest common factor of 66318 and 42.
42
Calculate the highest common divisor of 1104 and 28428.
276
Calculate the greatest common divisor of 473559 and 516.
129
Calculate the greatest common factor of 6751 and 215.
43
What is the greatest common factor of 12 and 1888212?
12
Calculate the highest common divisor of 3123850 and 150.
50
What is the greatest common divisor of 3659744 and 296?
296
What is the highest common divisor of 23617 and 28633?
209
What is the highest common factor of 1807954 and 1124?
562
Calculate the greatest common factor of 443002 and 14.
14
Calculate the highest common factor of 307696 and 144.
16
Calculate the highest common factor of 30406 and 92.
46
What is the highest common factor of 23528 and 221?
17
Calculate the greatest common factor of 28 and 7473116.
28
Calculate the highest common factor of 76 and 79244.
4
Calculate the greatest common factor of 44 and 281963.
11
Calculate the highest common factor of 3515400 and 180.
180
Calculate the highest common divisor of 107525 and 25.
25
What is the greatest common factor of 5890 and 130045?
155
Calculate the highest common divisor of 16262 and 7520.
94
Calculate the highest common factor of 164 and 571540.
164
Calculate the greatest common factor of 557146 and 74.
74
Calculate the highest common factor of 1792 and 6680.
8
Calculate the highest common factor of 6480 and 6740.
20
What is the greatest common factor of 100 and 99100?
100
Calculate the greatest common factor of 2355 and 274750.
785
Calculate the highest common factor of 15381 and 4923.
9
Calculate the greatest common factor of 23803 and 3289.
13
Calculate the highest common factor of 117876 and 1980.
132
Calculate the greatest common factor of 108 and 40752.
36
What is the highest common divisor of 252 and 105318?
18
What is the greatest common factor of 473904 and 1224?
72
Calculate the highest common divisor of 349245 and 2457.
351
What is the highest common divisor of 47898 and 702?
54
What is the highest common factor of 24 and 309864?
24
What is the highest common divisor of 2137164 and 1138?
1138
What is the greatest common divisor of 878 and 284033?
439
What is the greatest common factor of 11232 and 25896?
312
What is the greatest common divisor of 234195 and 325?
65
Calculate the greatest common factor of 5 and 1452730.
5
What is the greatest common divisor of 276 and 260958?
138
Calculate the greatest common factor of 618 and 544.
2
What is the greatest common factor of 155 and 366730?
155
What is the greatest common factor of 21 and 22407?
21
What is the highest common divisor of 499307 and 68?
17
What is the greatest co